{"id":118,"date":"2018-06-20T08:02:57","date_gmt":"2018-06-20T05:02:57","guid":{"rendered":"https:\/\/turkcellmetroethernet.com\/index.php\/about-us\/"},"modified":"2023-04-18T11:03:48","modified_gmt":"2023-04-18T08:03:48","slug":"hakkimizda","status":"publish","type":"page","link":"https:\/\/turkcellmetroethernet.com\/index.php\/hakkimizda\/","title":{"rendered":"Hakk\u0131m\u0131zda"},"content":{"rendered":"\t\t<div data-elementor-type=\"wp-post\" data-elementor-id=\"118\" class=\"elementor elementor-118\">\n\t\t\t\t\t\t<section class=\"elementor-section elementor-top-section elementor-element elementor-element-1a915c04 elementor-section-content-middle elementor-section-boxed elementor-section-height-default elementor-section-height-default\" data-id=\"1a915c04\" data-element_type=\"section\">\n\t\t\t\t\t\t<div class=\"elementor-container elementor-column-gap-wider\">\n\t\t\t\t\t<div class=\"aux-parallax-section elementor-column elementor-col-50 elementor-top-column elementor-element elementor-element-157cfd6\" data-id=\"157cfd6\" data-element_type=\"column\">\n\t\t\t<div class=\"elementor-widget-wrap elementor-element-populated\">\n\t\t\t\t\t\t<div class=\"elementor-element elementor-element-e51923b aux-appear-watch-animation aux-mask-from-left elementor-widget elementor-widget-aux_image\" data-id=\"e51923b\" data-element_type=\"widget\" data-widget_type=\"aux_image.default\">\n\t\t\t\t<div class=\"elementor-widget-container\">\n\t\t\t\t\t<section class=\"widget-container aux-widget-image aux-alignnone aux-parent-au00a65e90\">\n    <div class=\"aux-media-hint-frame \">\n        <div class=\"aux-media-image \" >\n        \n            \n\n            \n                        \n                <\/div>\n    <\/div>\n\n<\/section><!-- widget-container -->\t\t\t\t<\/div>\n\t\t\t\t<\/div>\n\t\t\t\t\t<\/div>\n\t\t<\/div>\n\t\t\t\t<div class=\"aux-parallax-section elementor-column elementor-col-50 elementor-top-column elementor-element elementor-element-125d822c\" data-id=\"125d822c\" data-element_type=\"column\">\n\t\t\t<div class=\"elementor-widget-wrap elementor-element-populated\">\n\t\t\t\t\t\t<div class=\"elementor-element elementor-element-675abc37 aux-appear-watch-animation aux-fade-in-up elementor-widget elementor-widget-aux_modern_heading\" data-id=\"675abc37\" data-element_type=\"widget\" data-widget_type=\"aux_modern_heading.default\">\n\t\t\t\t<div class=\"elementor-widget-container\">\n\t\t\t\t\t<section class=\"aux-widget-modern-heading\">\n            <div class=\"aux-widget-inner\"><h2 class=\"aux-modern-heading-primary\">Kurumsal \u00c7\u00f6z\u00fcm Merkezi<\/h2><h3 class=\"aux-modern-heading-secondary\"><span class=\"aux-head-highlight\">Misyonumuz<\/span><\/h3><div class=\"aux-modern-heading-divider\"><\/div><div class=\"aux-modern-heading-description\"><p>Firmalara En iyi kurumsal \u00e7\u00f6z\u00fcmleri sa\u011flaman\u0131n yan\u0131nda kalite ve g\u00fcven vermek.<\/p><\/div><\/div>\n        <\/section>\t\t\t\t<\/div>\n\t\t\t\t<\/div>\n\t\t\t\t\t<\/div>\n\t\t<\/div>\n\t\t\t\t\t<\/div>\n\t\t<\/section>\n\t\t\t\t<\/div>\n\t\t","protected":false},"excerpt":{"rendered":"<p>Kurumsal \u00c7\u00f6z\u00fcm Merkezi Misyonumuz Firmalara En iyi kurumsal \u00e7\u00f6z\u00fcmleri sa\u011flaman\u0131n yan\u0131nda kalite ve g\u00fcven vermek.<\/p>\n","protected":false},"author":1,"featured_media":0,"parent":0,"menu_order":0,"comment_status":"closed","ping_status":"closed","template":"","meta":{"om_disable_all_campaigns":false,"_monsterinsights_skip_tracking":false,"_monsterinsights_sitenote_active":false,"_monsterinsights_sitenote_note":"","_monsterinsights_sitenote_category":0,"footnotes":""},"class_list":["post-118","page","type-page","status-publish","hentry"],"yoast_head":"<!-- This site is optimized with the Yoast SEO Premium plugin v20.4 (Yoast SEO v26.7) - https:\/\/yoast.com\/wordpress\/plugins\/seo\/ -->\n<title>Hakk\u0131m\u0131zda |<\/title>\n<meta name=\"description\" content=\"Turkcell Kurumsal \u00c7\u00f6z\u00fcm Merkezi M\u00fc\u015fteri Hizmetlerimize ula\u015fmak art\u0131k Turkcell&#039;liler i\u00e7in daha da kolay. Cep telefonunuzdan 532&#039;yi tu\u015flayarak Turkcell&#039;e ula\u015fmak sadece 3 rakam. Di\u011fer operat\u00f6rler ve sabit hatlardan ise 0532 532 0000 &#039;yi tu\u015flayarak Turkcell M\u00fc\u015fteri Hizmetleri&#039;ne ula\u015fabilirsiniz.\" \/>\n<meta name=\"robots\" content=\"index, follow, max-snippet:-1, max-image-preview:large, max-video-preview:-1\" \/>\n<link rel=\"canonical\" href=\"https:\/\/turkcellmetroethernet.com\/index.php\/hakkimizda\/\" \/>\n<meta property=\"og:locale\" content=\"tr_TR\" \/>\n<meta property=\"og:type\" content=\"article\" \/>\n<meta property=\"og:title\" content=\"Hakk\u0131m\u0131zda\" \/>\n<meta property=\"og:description\" content=\"Turkcell Kurumsal \u00c7\u00f6z\u00fcm Merkezi M\u00fc\u015fteri Hizmetlerimize ula\u015fmak art\u0131k Turkcell&#039;liler i\u00e7in daha da kolay. Cep telefonunuzdan 532&#039;yi tu\u015flayarak Turkcell&#039;e ula\u015fmak sadece 3 rakam. Di\u011fer operat\u00f6rler ve sabit hatlardan ise 0532 532 0000 &#039;yi tu\u015flayarak Turkcell M\u00fc\u015fteri Hizmetleri&#039;ne ula\u015fabilirsiniz.\" \/>\n<meta property=\"og:url\" content=\"https:\/\/turkcellmetroethernet.com\/index.php\/hakkimizda\/\" \/>\n<meta property=\"article:modified_time\" content=\"2023-04-18T08:03:48+00:00\" \/>\n<meta property=\"og:image\" content=\"https:\/\/turkcellmetroethernet.com\/wp-content\/uploads\/2024\/09\/Turkkcel-digital-arka-plan111-1.png\" \/>\n\t<meta property=\"og:image:width\" content=\"1366\" \/>\n\t<meta property=\"og:image:height\" content=\"768\" \/>\n\t<meta property=\"og:image:type\" content=\"image\/png\" \/>\n<meta name=\"twitter:card\" content=\"summary_large_image\" \/>\n<script type=\"application\/ld+json\" class=\"yoast-schema-graph\">{\"@context\":\"https:\/\/schema.org\",\"@graph\":[{\"@type\":\"WebPage\",\"@id\":\"https:\/\/turkcellmetroethernet.com\/index.php\/hakkimizda\/\",\"url\":\"https:\/\/turkcellmetroethernet.com\/index.php\/hakkimizda\/\",\"name\":\"Hakk\u0131m\u0131zda |\",\"isPartOf\":{\"@id\":\"https:\/\/turkcellmetroethernet.com\/#website\"},\"datePublished\":\"2018-06-20T05:02:57+00:00\",\"dateModified\":\"2023-04-18T08:03:48+00:00\",\"description\":\"Turkcell Kurumsal \u00c7\u00f6z\u00fcm Merkezi M\u00fc\u015fteri Hizmetlerimize ula\u015fmak art\u0131k Turkcell'liler i\u00e7in daha da kolay. Cep telefonunuzdan 532'yi tu\u015flayarak Turkcell'e ula\u015fmak sadece 3 rakam. Di\u011fer operat\u00f6rler ve sabit hatlardan ise 0532 532 0000 'yi tu\u015flayarak Turkcell M\u00fc\u015fteri Hizmetleri'ne ula\u015fabilirsiniz.\",\"breadcrumb\":{\"@id\":\"https:\/\/turkcellmetroethernet.com\/index.php\/hakkimizda\/#breadcrumb\"},\"inLanguage\":\"tr\",\"potentialAction\":[{\"@type\":\"ReadAction\",\"target\":[\"https:\/\/turkcellmetroethernet.com\/index.php\/hakkimizda\/\"]}]},{\"@type\":\"BreadcrumbList\",\"@id\":\"https:\/\/turkcellmetroethernet.com\/index.php\/hakkimizda\/#breadcrumb\",\"itemListElement\":[{\"@type\":\"ListItem\",\"position\":1,\"name\":\"Anasayfa\",\"item\":\"https:\/\/turkcellmetroethernet.com\/\"},{\"@type\":\"ListItem\",\"position\":2,\"name\":\"Hakk\u0131m\u0131zda\"}]},{\"@type\":\"WebSite\",\"@id\":\"https:\/\/turkcellmetroethernet.com\/#website\",\"url\":\"https:\/\/turkcellmetroethernet.com\/\",\"name\":\"Turkcell Metro Ethernet\",\"description\":\"\u0130\u015finiz i\u00e7in \u0130nternet\",\"publisher\":{\"@id\":\"https:\/\/turkcellmetroethernet.com\/#organization\"},\"potentialAction\":[{\"@type\":\"SearchAction\",\"target\":{\"@type\":\"EntryPoint\",\"urlTemplate\":\"https:\/\/turkcellmetroethernet.com\/?s={search_term_string}\"},\"query-input\":{\"@type\":\"PropertyValueSpecification\",\"valueRequired\":true,\"valueName\":\"search_term_string\"}}],\"inLanguage\":\"tr\"},{\"@type\":\"Organization\",\"@id\":\"https:\/\/turkcellmetroethernet.com\/#organization\",\"name\":\"Turkcell\",\"url\":\"https:\/\/turkcellmetroethernet.com\/\",\"logo\":{\"@type\":\"ImageObject\",\"inLanguage\":\"tr\",\"@id\":\"https:\/\/turkcellmetroethernet.com\/#\/schema\/logo\/image\/\",\"url\":\"https:\/\/turkcellmetroethernet.com\/wp-content\/uploads\/2023\/04\/turkcell-metro-ethernet-logo.png\",\"contentUrl\":\"https:\/\/turkcellmetroethernet.com\/wp-content\/uploads\/2023\/04\/turkcell-metro-ethernet-logo.png\",\"width\":1920,\"height\":500,\"caption\":\"Turkcell\"},\"image\":{\"@id\":\"https:\/\/turkcellmetroethernet.com\/#\/schema\/logo\/image\/\"}}]}<\/script>\n<!-- \/ Yoast SEO Premium plugin. -->","yoast_head_json":{"title":"Hakk\u0131m\u0131zda |","description":"Turkcell Kurumsal \u00c7\u00f6z\u00fcm Merkezi M\u00fc\u015fteri Hizmetlerimize ula\u015fmak art\u0131k Turkcell'liler i\u00e7in daha da kolay. Cep telefonunuzdan 532'yi tu\u015flayarak Turkcell'e ula\u015fmak sadece 3 rakam. Di\u011fer operat\u00f6rler ve sabit hatlardan ise 0532 532 0000 'yi tu\u015flayarak Turkcell M\u00fc\u015fteri Hizmetleri'ne ula\u015fabilirsiniz.","robots":{"index":"index","follow":"follow","max-snippet":"max-snippet:-1","max-image-preview":"max-image-preview:large","max-video-preview":"max-video-preview:-1"},"canonical":"https:\/\/turkcellmetroethernet.com\/index.php\/hakkimizda\/","og_locale":"tr_TR","og_type":"article","og_title":"Hakk\u0131m\u0131zda","og_description":"Turkcell Kurumsal \u00c7\u00f6z\u00fcm Merkezi M\u00fc\u015fteri Hizmetlerimize ula\u015fmak art\u0131k Turkcell'liler i\u00e7in daha da kolay. Cep telefonunuzdan 532'yi tu\u015flayarak Turkcell'e ula\u015fmak sadece 3 rakam. Di\u011fer operat\u00f6rler ve sabit hatlardan ise 0532 532 0000 'yi tu\u015flayarak Turkcell M\u00fc\u015fteri Hizmetleri'ne ula\u015fabilirsiniz.","og_url":"https:\/\/turkcellmetroethernet.com\/index.php\/hakkimizda\/","article_modified_time":"2023-04-18T08:03:48+00:00","og_image":[{"width":1366,"height":768,"url":"https:\/\/turkcellmetroethernet.com\/wp-content\/uploads\/2024\/09\/Turkkcel-digital-arka-plan111-1.png","type":"image\/png"}],"twitter_card":"summary_large_image","schema":{"@context":"https:\/\/schema.org","@graph":[{"@type":"WebPage","@id":"https:\/\/turkcellmetroethernet.com\/index.php\/hakkimizda\/","url":"https:\/\/turkcellmetroethernet.com\/index.php\/hakkimizda\/","name":"Hakk\u0131m\u0131zda |","isPartOf":{"@id":"https:\/\/turkcellmetroethernet.com\/#website"},"datePublished":"2018-06-20T05:02:57+00:00","dateModified":"2023-04-18T08:03:48+00:00","description":"Turkcell Kurumsal \u00c7\u00f6z\u00fcm Merkezi M\u00fc\u015fteri Hizmetlerimize ula\u015fmak art\u0131k Turkcell'liler i\u00e7in daha da kolay. Cep telefonunuzdan 532'yi tu\u015flayarak Turkcell'e ula\u015fmak sadece 3 rakam. Di\u011fer operat\u00f6rler ve sabit hatlardan ise 0532 532 0000 'yi tu\u015flayarak Turkcell M\u00fc\u015fteri Hizmetleri'ne ula\u015fabilirsiniz.","breadcrumb":{"@id":"https:\/\/turkcellmetroethernet.com\/index.php\/hakkimizda\/#breadcrumb"},"inLanguage":"tr","potentialAction":[{"@type":"ReadAction","target":["https:\/\/turkcellmetroethernet.com\/index.php\/hakkimizda\/"]}]},{"@type":"BreadcrumbList","@id":"https:\/\/turkcellmetroethernet.com\/index.php\/hakkimizda\/#breadcrumb","itemListElement":[{"@type":"ListItem","position":1,"name":"Anasayfa","item":"https:\/\/turkcellmetroethernet.com\/"},{"@type":"ListItem","position":2,"name":"Hakk\u0131m\u0131zda"}]},{"@type":"WebSite","@id":"https:\/\/turkcellmetroethernet.com\/#website","url":"https:\/\/turkcellmetroethernet.com\/","name":"Turkcell Metro Ethernet","description":"\u0130\u015finiz i\u00e7in \u0130nternet","publisher":{"@id":"https:\/\/turkcellmetroethernet.com\/#organization"},"potentialAction":[{"@type":"SearchAction","target":{"@type":"EntryPoint","urlTemplate":"https:\/\/turkcellmetroethernet.com\/?s={search_term_string}"},"query-input":{"@type":"PropertyValueSpecification","valueRequired":true,"valueName":"search_term_string"}}],"inLanguage":"tr"},{"@type":"Organization","@id":"https:\/\/turkcellmetroethernet.com\/#organization","name":"Turkcell","url":"https:\/\/turkcellmetroethernet.com\/","logo":{"@type":"ImageObject","inLanguage":"tr","@id":"https:\/\/turkcellmetroethernet.com\/#\/schema\/logo\/image\/","url":"https:\/\/turkcellmetroethernet.com\/wp-content\/uploads\/2023\/04\/turkcell-metro-ethernet-logo.png","contentUrl":"https:\/\/turkcellmetroethernet.com\/wp-content\/uploads\/2023\/04\/turkcell-metro-ethernet-logo.png","width":1920,"height":500,"caption":"Turkcell"},"image":{"@id":"https:\/\/turkcellmetroethernet.com\/#\/schema\/logo\/image\/"}}]}},"jetpack_sharing_enabled":true,"_links":{"self":[{"href":"https:\/\/turkcellmetroethernet.com\/index.php\/wp-json\/wp\/v2\/pages\/118","targetHints":{"allow":["GET"]}}],"collection":[{"href":"https:\/\/turkcellmetroethernet.com\/index.php\/wp-json\/wp\/v2\/pages"}],"about":[{"href":"https:\/\/turkcellmetroethernet.com\/index.php\/wp-json\/wp\/v2\/types\/page"}],"author":[{"embeddable":true,"href":"https:\/\/turkcellmetroethernet.com\/index.php\/wp-json\/wp\/v2\/users\/1"}],"replies":[{"embeddable":true,"href":"https:\/\/turkcellmetroethernet.com\/index.php\/wp-json\/wp\/v2\/comments?post=118"}],"version-history":[{"count":4,"href":"https:\/\/turkcellmetroethernet.com\/index.php\/wp-json\/wp\/v2\/pages\/118\/revisions"}],"predecessor-version":[{"id":539,"href":"https:\/\/turkcellmetroethernet.com\/index.php\/wp-json\/wp\/v2\/pages\/118\/revisions\/539"}],"wp:attachment":[{"href":"https:\/\/turkcellmetroethernet.com\/index.php\/wp-json\/wp\/v2\/media?parent=118"}],"curies":[{"name":"wp","href":"https:\/\/api.w.org\/{rel}","templated":true}]}}